{"id":15490,"date":"2024-08-16T20:04:52","date_gmt":"2024-08-16T23:04:52","guid":{"rendered":"https:\/\/defensoriaformosa.gob.ar\/?page_id=15490"},"modified":"2024-08-22T16:45:48","modified_gmt":"2024-08-22T19:45:48","slug":"registro-de-deudores-alimentarios-morosos","status":"publish","type":"page","link":"https:\/\/defensoriaformosa.gob.ar\/?page_id=15490","title":{"rendered":"REGISTRO DE DEUDORES ALIMENTARIOS MOROSOS"},"content":{"rendered":"<p>El Registro de Deudores Alimentarios Morosos fue creado por la Ley Nacional N\u00ba 13.074, tiene por objeto registrar por orden judicial a todo obligado u obligada al pago de alimentos por sentencia firme o por convenio homologado judicialmente, que adeude determinado n\u00famero de cuotas (3 cuotas consecutivas o 5 alternadas) previa intimaci\u00f3n al pago.<\/p>\n<p>En nuestra Provincia, el Registro fue creado por la Ley Provincial N\u00ba 1365 que tiene por funci\u00f3n registrar a todos aquellos que adeudan total o parcialmente 3 cuotas alimentarias consecutivas o 5 alternadas, ya sea en alimentos provisorios o definitivos fijados u homologados por sentencia judicial.<\/p>\n<p>&nbsp;<\/p>\n<p style=\"text-align: center;\"><span style=\"color: #333399;\"><strong><u>Si deseas<\/u><\/strong><strong><u> saber<\/u><\/strong> <strong>si est\u00e1s inscripto en el Registro de Deudores Alimentarios Morosos, podes solicitarlo v\u00eda correo electr\u00f3nico a denuncia@formosa.gov.ar \u2013 depuefor@fibertel.com.ar adjuntando Nro. de Celular y fotos n\u00edtidas de ambos lados de tu DNI<\/strong><strong>.<\/strong><\/span><\/p>\n<p style=\"text-align: center;\"><span style=\"color: #333399;\"><strong>Dentro de las 72 horas de recibida tu consulta ser\u00e1 respondido v\u00eda correo electr\u00f3nico.<\/strong><\/span><\/p>\n<p><strong>\u00a0<\/strong><\/p>\n<p><strong><u>Para obtener la Constancia <\/u><\/strong><strong>de no inscripci\u00f3n en el Registro de Deudores Alimentarios Morosos, deber\u00e1s solicitarlo personalmente y munido de tu Documento Nacional de Identidad original.<\/strong><\/p>\n<table>\n<tbody>\n<tr>\n<td width=\"366\">\n<p style=\"text-align: center;\">Defensor\u00eda del Pueblo de la Provincia de Formosa<\/p>\n<\/td>\n<td width=\"366\">\n<p style=\"text-align: center;\"><strong>Padre Pati\u00f1o N\u00ba 831 \u2013 Ciudad de Formosa<\/strong><\/p>\n<\/td>\n<td width=\"431\">\n<p style=\"text-align: center;\">Tel\u00e9fonos: 370 443 6379 \u2013 370 443 6320 \u2013 0800 444 1770<\/p>\n<\/td>\n<\/tr>\n<\/tbody>\n<\/table>\n<p>&nbsp;<\/p>\n<p style=\"text-align: center;\"><strong>Horario de Atenci\u00f3n: de 08 a 13 horas y de 16 a 20 horas de Lunes a Viernes<\/strong><\/p>\n","protected":false},"excerpt":{"rendered":"<p>El Registro de Deudores Alimentarios Morosos fue creado por la Ley Nacional N\u00ba 13.074, tiene por objeto registrar por orden judicial a todo obligado u obligada al pago de alimentos por sentencia firme o por convenio homologado judicialmente, que adeude determinado n\u00famero de cuotas (3 cuotas consecutivas o 5 alternadas) previa intimaci\u00f3n al pago. En [&hellip;]<\/p>\n","protected":false},"author":1,"featured_media":0,"parent":0,"menu_order":0,"comment_status":"closed","ping_status":"closed","template":"","meta":{"footnotes":""},"class_list":["post-15490","page","type-page","status-publish","hentry"],"_links":{"self":[{"href":"https:\/\/defensoriaformosa.gob.ar\/index.php?rest_route=\/wp\/v2\/pages\/15490","targetHints":{"allow":["GET"]}}],"collection":[{"href":"https:\/\/defensoriaformosa.gob.ar\/index.php?rest_route=\/wp\/v2\/pages"}],"about":[{"href":"https:\/\/defensoriaformosa.gob.ar\/index.php?rest_route=\/wp\/v2\/types\/page"}],"author":[{"embeddable":true,"href":"https:\/\/defensoriaformosa.gob.ar\/index.php?rest_route=\/wp\/v2\/users\/1"}],"replies":[{"embeddable":true,"href":"https:\/\/defensoriaformosa.gob.ar\/index.php?rest_route=%2Fwp%2Fv2%2Fcomments&post=15490"}],"version-history":[{"count":2,"href":"https:\/\/defensoriaformosa.gob.ar\/index.php?rest_route=\/wp\/v2\/pages\/15490\/revisions"}],"predecessor-version":[{"id":15501,"href":"https:\/\/defensoriaformosa.gob.ar\/index.php?rest_route=\/wp\/v2\/pages\/15490\/revisions\/15501"}],"wp:attachment":[{"href":"https:\/\/defensoriaformosa.gob.ar\/index.php?rest_route=%2Fwp%2Fv2%2Fmedia&parent=15490"}],"curies":[{"name":"wp","href":"https:\/\/api.w.org\/{rel}","templated":true}]}}